s 4 a factor of 1672?
True
Is 464 a multiple of 16?
True
Does 7 divide 5326?
False
Does 28 divide 22652?
True
Is 27 a factor of 2052?
True
Is 17 a factor of 204?
True
Is 14272 a multiple of 223?
True
Is 22 a factor of 32415?
False
Is 5 a factor of 1692?
False
Does 9 divide 211?
False
Does 41 divide 1756?
False
Is 38322 a multiple of 18?
True
Is 321 a multiple of 70?
False
Is 13 a factor of 1508?
True
Is 287 a multiple of 41?
True
Does 14 divide 1148?
True
Is 3244 a multiple of 26?
False
Does 3 divide 1335?
True
Is 29 a factor of 1711?
True
Is 2886 a multiple of 39?
True
Does 3 divide 225?
True
Is 16450 a multiple of 322?
False
Is 5 a factor of 572?
False
Is 19145 a multiple of 15?
False
Is 17 a factor of 3723?
True
Is 656 a multiple of 19?
False
Is 187 a multiple of 15?
False
Is 22402 a multiple of 19?
False
Is 13098 a multiple of 222?
True
Does 70 divide 366?
False
Is 63 a factor of 153?
False
Is 23000 a multiple of 46?
True
Is 184 a multiple of 8?
True
Does 4 divide 828?
True
Is 17 a factor of 50?
False
Is 360 a multiple of 45?
True
Does 2 divide 2546?
True
Is 29412 a multiple of 129?
True
Does 65 divide 1040?
True
Is 41676 a multiple of 138?
True
Is 5776 a multiple of 38?
True
Is 2 a factor of 1468?
True
Is 9525 a multiple of 8?
False
Is 3410 a multiple of 11?
True
Is 800 a multiple of 5?
True
Is 2 a factor of 3558?
True
Does 4 divide 17917?
False
Is 27 a factor of 1483?
False
Is 738 a multiple of 41?
True
Is 320 a factor of 66240?
True
Is 24 a factor of 128?
False
Is 12 a factor of 1488?
True
Does 12 divide 1608?
True
Is 31 a factor of 310?
True
Is 877 a multiple of 11?
False
Is 826 a multiple of 7?
True
Is 4453 a multiple of 8?
False
Does 25 divide 14058?
False
Is 12 a factor of 1220?
False
Is 900 a multiple of 60?
True
Is 18 a factor of 156222?
True
Is 1080 a multiple of 14?
False
Is 22 a factor of 217?
False
Is 148 even?
True
Is 41 a factor of 15100?
False
Is 108 a multiple of 6?
True
Is 21838 a multiple of 147?
False
Is 4036 a multiple of 14?
False
Is 142596 a multiple of 18?
True
Is 45840 a multiple of 6?
True
Is 12 a factor of 336?
True
Is 1781 a multiple of 13?
True
Is 7 a factor of 133?
True
Is 360 a multiple of 40?
True
Is 38 a factor of 196?
False
Is 3 a factor of 262?
False
Is 1076 a multiple of 7?
False
Is 198 a multiple of 7?
False
Does 4 divide 10182?
False
Does 8 divide 4976?
True
Does 26 divide 3628?
False
Is 45 a factor of 37529?
False
Is 21 a factor of 22428?
True
Is 6328 a multiple of 28?
True
Is 94 a factor of 13667?
False
Is 19 a factor of 1655?
False
Is 2 a factor of 23?
False
Is 48520 a multiple of 72?
False
Is 7184 a multiple of 3?
False
Is 1577 a multiple of 7?
False
Is 4897 a multiple of 269?
False
Does 26 divide 1534?
True
Is 20 a factor of 499?
False
Does 177 divide 92040?
True
Is 627 even?
False
Is 3 a factor of 246?
True
Is 600 a multiple of 15?
True
Is 21 a factor of 36977?
False
Does 4 divide 296?
True
Is 26 a factor of 89?
False
Does 52 divide 1433?
False
Is 300 a factor of 42843?
False
Does 2 divide 764?
True
Is 88 a factor of 6864?
True
Is 106 a factor of 6466?
True
Is 3919 a multiple of 55?
False
Does 63 divide 309?
False
Does 40 divide 2400?
True
Is 87 a factor of 1309?
False
Is 449 a multiple of 3?
False
Is 23 a factor of 82?
False
Is 16 a factor of 2080?
True
Is 6 a factor of 5124?
True
Does 37 divide 77592?
False
Is 85 a factor of 6035?
True
Does 11 divide 33?
True
Is 14 a factor of 2380?
True
Does 29 divide 1275?
False
Is 185 a factor of 4625?
True
Is 120 a factor of 3460?
False
Is 11160 a multiple of 6?
True
Is 14 a factor of 76368?
False
Is 40 a factor of 4480?
True
Is 29701 a multiple of 92?
False
Is 918 a multiple of 9?
True
Is 7 a factor of 1687?
True
Is 2483 a multiple of 13?
True
Is 233 a multiple of 6?
False
Is 2101 a multiple of 68?
False
Is 5375 a multiple of 52?
False
Is 25 a factor of 1554?
False
Is 6 a factor of 3486?
True
Does 20 divide 8439?
False
Is 11556 a multiple of 27?
True
Does 11 divide 671?
True
Is 26 a factor of 84105?
False
Does 158 divide 4464?
False
Is 24 a factor of 16368?
True
Does 21 divide 14594?
False
Is 20 even?
True
Does 35 divide 533?
False
Is 532 a multiple of 38?
True
Is 2 a factor of 121?
False
Is 11711 a multiple of 7?
True
Is 69 a multiple of 3?
True
Is 32 a factor of 79712?
True
Does 246 divide 19265?
False
Is 1316 a multiple of 47?
True
Is 1600 a multiple of 4?
True
Is 28144 a multiple of 16?
True
Does 10 divide 50569?
False
Is 506 a multiple of 23?
True
Is 15 a factor of 2040?
True
Is 18 a factor of 468?
True
Is 34 a factor of 16145?
False
Is 13 a factor of 2495?
False
Does 113 divide 14351?
True
Is 70 a multiple of 32?
False
Is 1639 a multiple of 149?
True
Is 983 a multiple of 6?
False
Is 14 a factor of 2464?
True
Does 9 divide 1806?
False
Does 37 divide 141?
False
Does 114 divide 84246?
True
Is 184995 a multiple of 23?
False
Is 1165 a multiple of 2?
False
Is 7855 a multiple of 30?
False
Is 212 a multiple of 9?
False
Does 26 divide 4121?
False
Is 2204 a multiple of 38?
True
Is 2295 a multiple of 51?
True
Does 24 divide 30000?
True
Does 22 divide 352?
True
Does 21 divide 47523?
True
Is 144 a factor of 13999?
False
Is 11 a factor of 45736?
False
Is 528 a multiple of 42?
False
Is 21 a factor of 2133?
False
Does 52 divide 1441?
False
Is 44 a factor of 11493?
False
Is 37 a factor of 16835?
True
Is 135 a factor of 1901?
False
Is 2874 a multiple of 161?
False
Does 4 divide 120?
True
Is 135 a factor of 1620?
True
Is 41 a factor of 13981?
True
Is 1254 a multiple of 66?
True
Is 20652 a multiple of 12?
True
Is 8013 a multiple of 15?
False
Does 13 divide 2166?
False
Is 17234 a multiple of 38?
False
Is 22441 a multiple of 8?
False
Does 17 divide 45679?
True
Does 12 divide 4763?
False
Is 14 a factor of 2714?
False
Does 36 divide 17010?
False
Is 18150 a multiple of 121?
True
Is 398 a multiple of 37?
False
Is 1678 a multiple of 14?
False
Is 97 a factor of 10912?
False
Does 29 divide 174?
True
Is 30 a factor of 573?
False
Is 8 a factor of 5704?
True
Is 23462 a multiple of 143?
False
Is 7299 a multiple of 64?
False
Is 8855 a multiple of 55?
True
Is 22 a factor of 462?
True
Is 27 a factor of 58959?
False
Is 16 a factor of 192?
True
Is 42 a factor of 8331?
False
Does 29 divide 6099?
False
Is 134 a multiple of 7?
False
Is 1836 a multiple of 27?
True
Does 13 divide 4698?
False
Is 11 a factor of 13079?
True
Is 250 a multiple of 10?
True
Is 7 a factor of 1888?
False
Does 64 divide 4811?
False
Is 37 a factor of 3293?
True
Is 21 a factor of 196?
False
Does 111 divide 1110?
True
Does 2 divide 156?
True
Is 17 a factor of 765?
True
Does 23 divide 1012?
True
Is 23976 a multiple of 37?
True
Is 887 a multiple of 8?
False
Is 406 a multiple of 11?
False
Is 13 a factor of 11698?
False
Is 1382 a multiple of 5?
False
Is 1497 a multiple of 48?
False
Is 10678 a multiple of 52?
False
Is 9 a factor of 873?
True
Is 17493 a multiple of 147?
True
Is 97 a factor of 28590?
False
Does 2 divide 968?
True
Is 15 a factor of 795?
True
Is 877 a multiple of 12?
False
Is 40 a multiple of 8?
True
Is 308 a multiple of 29?
False
Does 45 divide 4230?
True
Is 5 a factor of 113?
False
Does 3 divide 4?
False
Is 1496 a multiple of 8?
True
Is 135 a multiple of 5?
True
Is 33 a factor of 11306?
False
Does 3 divide 40?
False
Is 10 a factor of 322?
False
Does 6 divide 37?
False
Is 98 a factor of 1568?
True
Is 10886 a multiple of 77?
False
Does 10 divide 8260?
True
Is 228 a multiple of 11?
False
Does 50 divide 2100?
True
Does 180 divide 14079?
False
Is 44 a factor of 34628?
True
Does 27 divide 756?
True
Is 1755 a multiple of 15?
True
Is 59119 a multiple of 146?
False
Is 40 a factor of 2743?
False
Does 15 divide 5745?
True
Does 16 divide 2944?
True
Does 281 divide 156952?
False
Is 56 a factor of 2757?
False
Does 9 divide 632?
False
Is 4 a factor of 310?
False
Does 168 divide 28224?
True
Is 14 a factor of 79?
False
Is 220 a multiple of 11?
True
Is 154 a multiple of 18?
False
Is 858 even?
True
Does 26 divide 3946?
False
Does 12 divide 4089?
False
Is 14076 a multiple of 169?
False
Does 19 divide 7847?
True
Is 395 a multiple of 12?
False
Is 37496 a multiple of 18?
False
Is 73 a factor of 4757?
False
Does 35 divide 10885?
True
Is 113 a factor of 7684?
True
Is 32 a factor of 3232?
True
Does 51 divide 3111?
True
Is 3 a factor